{"id":2954,"date":"2018-08-03T12:07:01","date_gmt":"2018-08-03T16:07:01","guid":{"rendered":"https:\/\/www.journeesdelaculture.qc.ca\/?page_id=2954"},"modified":"2022-05-20T09:48:04","modified_gmt":"2022-05-20T13:48:04","slug":"about-the-journees-de-la-culture","status":"publish","type":"page","link":"https:\/\/www.journeesdelaculture.qc.ca\/en\/journees-de-la-culture\/about-the-journees-de-la-culture","title":{"rendered":"About the Journ\u00e9es de la culture"},"content":{"rendered":"<h2 class=\"h1 h2\">The Journ\u00e9es de la culture<\/h2>\n<p>Initiated and coordinated by <a href=\"https:\/\/www.culturepourtous.ca\/en\/\" target=\"_blank\" rel=\"noopener\"><strong>Culture pour tous,<\/strong><\/a> the Journ\u00e9es de la culture are <strong><a href=\"\/en\/activities\" rel=\"noopener\">free activities<\/a> open to everyone<\/strong> that promote <strong>greater access for the public to arts and culture.<\/strong> As proclaimed by the National Assembly, the event takes place every year <strong>across Quebec<\/strong> on the last Friday of September and the two days thereafter.<\/p>\n<p>The programming takes its source in cultural mediation and offers to <strong>discover<\/strong> and <strong>celebrate<\/strong> culture trough all its forms. There will be thousands of activities organized by professional artists, artisans and cultural workers, business people, teachers, community workers, and municipal and government employees of all ethnicities.<\/p>\n<p>To become an organizer, all you have to do is <strong>design<\/strong> and <strong>take charge of the delivery of one or more activities.<\/strong> This participation is voluntary.<\/p>\n<p>Recognizing the important and essential <strong>work of professional artists,<\/strong> we encourage organizers who use their services to compensate them fairly and equitably.<\/p>\n<div class=\"block block--important\">\n<h3 class=\"h3\" style=\"text-align: left;\">Get involved<\/h3>\n<p>Participate in the Journ\u00e9es de la culture as an<a href=\"\/en\/get-involved\/organize-an-activity-2\" rel=\"noopener\"> organizer<\/a><\/p>\n<p>Be a <a href=\"\/en\/activities\" rel=\"noopener\">participant<\/a> in the event<\/p>\n<\/div>\n<hr \/>\n<h3 class=\"h3\">Questions?<\/h3>\n<p><a class=\"button button--black\" href=\"\/contact-us\" rel=\"noopener\">CONTACT US!<\/a><\/p>\n","protected":false},"excerpt":{"rendered":"The Journ\u00e9es de la culture Initiated and coordinated by Culture pour tous, the Journ\u00e9es de la culture are free activities open to everyone that promote greater access for the public to arts and culture. As proclaimed by the National Assembly, the event takes place every year across Quebec on the last Friday of September and&#8230;","protected":false},"author":1,"featured_media":0,"parent":2952,"menu_order":1,"comment_status":"closed","ping_status":"closed","template":"","meta":{"_acf_changed":false,"footnotes":""},"class_list":["post-2954","page","type-page","status-publish","hentry"],"acf":[],"yoast_head":"<!-- This site is optimized with the Yoast SEO plugin v24.2 - https:\/\/yoast.com\/wordpress\/plugins\/seo\/ -->\n<title>About the Journ\u00e9es de la culture - Journ\u00e9es de la culture<\/title>\n<meta name=\"robots\" content=\"index, follow, max-snippet:-1, max-image-preview:large, max-video-preview:-1\" \/>\n<link rel=\"canonical\" href=\"https:\/\/www.journeesdelaculture.qc.ca\/en\/journees-de-la-culture\/about-the-journees-de-la-culture\" \/>\n<meta property=\"og:locale\" content=\"en_US\" \/>\n<meta property=\"og:type\" content=\"article\" \/>\n<meta property=\"og:title\" content=\"About the Journ\u00e9es de la culture - Journ\u00e9es de la culture\" \/>\n<meta property=\"og:description\" content=\"The Journ\u00e9es de la culture Initiated and coordinated by Culture pour tous, the Journ\u00e9es de la culture are free activities open to everyone that promote greater access for the public to arts and culture. As proclaimed by the National Assembly, the event takes place every year across Quebec on the last Friday of September and...\" \/>\n<meta property=\"og:url\" content=\"https:\/\/www.journeesdelaculture.qc.ca\/en\/journees-de-la-culture\/about-the-journees-de-la-culture\" \/>\n<meta property=\"og:site_name\" content=\"Journ\u00e9es de la culture\" \/>\n<meta property=\"article:publisher\" content=\"https:\/\/www.facebook.com\/journeesdelaculture\/\" \/>\n<meta property=\"article:modified_time\" content=\"2022-05-20T13:48:04+00:00\" \/>\n<meta property=\"og:image\" content=\"https:\/\/www.journeesdelaculture.qc.ca\/wp-content\/uploads\/2025\/07\/JDLC2025_SiteWeb_Bandeau-entete_2860x1609-scaled.jpg\" \/>\n\t<meta property=\"og:image:width\" content=\"2560\" \/>\n\t<meta property=\"og:image:height\" content=\"1440\" \/>\n\t<meta property=\"og:image:type\" content=\"image\/jpeg\" \/>\n<meta name=\"twitter:card\" content=\"summary_large_image\" \/>\n<meta name=\"twitter:site\" content=\"@les_journees\" \/>\n<meta name=\"twitter:label1\" content=\"Est. reading time\" \/>\n\t<meta name=\"twitter:data1\" content=\"1 minute\" \/>\n<script type=\"application\/ld+json\" class=\"yoast-schema-graph\">{\"@context\":\"https:\/\/schema.org\",\"@graph\":[{\"@type\":\"WebPage\",\"@id\":\"https:\/\/www.journeesdelaculture.qc.ca\/en\/journees-de-la-culture\/about-the-journees-de-la-culture\",\"url\":\"https:\/\/www.journeesdelaculture.qc.ca\/en\/journees-de-la-culture\/about-the-journees-de-la-culture\",\"name\":\"About the Journ\u00e9es de la culture - Journ\u00e9es de la culture\",\"isPartOf\":{\"@id\":\"https:\/\/www.journeesdelaculture.qc.ca\/#website\"},\"datePublished\":\"2018-08-03T16:07:01+00:00\",\"dateModified\":\"2022-05-20T13:48:04+00:00\",\"breadcrumb\":{\"@id\":\"https:\/\/www.journeesdelaculture.qc.ca\/en\/journees-de-la-culture\/about-the-journees-de-la-culture#breadcrumb\"},\"inLanguage\":\"en-US\",\"potentialAction\":[{\"@type\":\"ReadAction\",\"target\":[\"https:\/\/www.journeesdelaculture.qc.ca\/en\/journees-de-la-culture\/about-the-journees-de-la-culture\"]}]},{\"@type\":\"BreadcrumbList\",\"@id\":\"https:\/\/www.journeesdelaculture.qc.ca\/en\/journees-de-la-culture\/about-the-journees-de-la-culture#breadcrumb\",\"itemListElement\":[{\"@type\":\"ListItem\",\"position\":1,\"name\":\"Home\",\"item\":\"https:\/\/www.journeesdelaculture.qc.ca\/en\"},{\"@type\":\"ListItem\",\"position\":2,\"name\":\"Journ\u00e9es de la culture\",\"item\":\"https:\/\/www.journeesdelaculture.qc.ca\/en\/journees-de-la-culture\"},{\"@type\":\"ListItem\",\"position\":3,\"name\":\"About the Journ\u00e9es de la culture\"}]},{\"@type\":\"WebSite\",\"@id\":\"https:\/\/www.journeesdelaculture.qc.ca\/#website\",\"url\":\"https:\/\/www.journeesdelaculture.qc.ca\/\",\"name\":\"Journ\u00e9es de la culture\",\"description\":\"\",\"publisher\":{\"@id\":\"https:\/\/www.journeesdelaculture.qc.ca\/#organization\"},\"potentialAction\":[{\"@type\":\"SearchAction\",\"target\":{\"@type\":\"EntryPoint\",\"urlTemplate\":\"https:\/\/www.journeesdelaculture.qc.ca\/?s={search_term_string}\"},\"query-input\":{\"@type\":\"PropertyValueSpecification\",\"valueRequired\":true,\"valueName\":\"search_term_string\"}}],\"inLanguage\":\"en-US\"},{\"@type\":\"Organization\",\"@id\":\"https:\/\/www.journeesdelaculture.qc.ca\/#organization\",\"name\":\"Culture pour tous\",\"url\":\"https:\/\/www.journeesdelaculture.qc.ca\/\",\"logo\":{\"@type\":\"ImageObject\",\"inLanguage\":\"en-US\",\"@id\":\"https:\/\/www.journeesdelaculture.qc.ca\/#\/schema\/logo\/image\/\",\"url\":\"https:\/\/www.journeesdelaculture.qc.ca\/wp-content\/uploads\/2024\/06\/CPT_journeesdelaculture_RGB.png\",\"contentUrl\":\"https:\/\/www.journeesdelaculture.qc.ca\/wp-content\/uploads\/2024\/06\/CPT_journeesdelaculture_RGB.png\",\"width\":3041,\"height\":980,\"caption\":\"Culture pour tous\"},\"image\":{\"@id\":\"https:\/\/www.journeesdelaculture.qc.ca\/#\/schema\/logo\/image\/\"},\"sameAs\":[\"https:\/\/www.facebook.com\/journeesdelaculture\/\",\"https:\/\/x.com\/les_journees\",\"https:\/\/www.instagram.com\/les_journees\/\"]}]}<\/script>\n<!-- \/ Yoast SEO plugin. -->","yoast_head_json":{"title":"About the Journ\u00e9es de la culture - Journ\u00e9es de la culture","robots":{"index":"index","follow":"follow","max-snippet":"max-snippet:-1","max-image-preview":"max-image-preview:large","max-video-preview":"max-video-preview:-1"},"canonical":"https:\/\/www.journeesdelaculture.qc.ca\/en\/journees-de-la-culture\/about-the-journees-de-la-culture","og_locale":"en_US","og_type":"article","og_title":"About the Journ\u00e9es de la culture - Journ\u00e9es de la culture","og_description":"The Journ\u00e9es de la culture Initiated and coordinated by Culture pour tous, the Journ\u00e9es de la culture are free activities open to everyone that promote greater access for the public to arts and culture. As proclaimed by the National Assembly, the event takes place every year across Quebec on the last Friday of September and...","og_url":"https:\/\/www.journeesdelaculture.qc.ca\/en\/journees-de-la-culture\/about-the-journees-de-la-culture","og_site_name":"Journ\u00e9es de la culture","article_publisher":"https:\/\/www.facebook.com\/journeesdelaculture\/","article_modified_time":"2022-05-20T13:48:04+00:00","og_image":[{"width":2560,"height":1440,"url":"https:\/\/www.journeesdelaculture.qc.ca\/wp-content\/uploads\/2025\/07\/JDLC2025_SiteWeb_Bandeau-entete_2860x1609-scaled.jpg","type":"image\/jpeg"}],"twitter_card":"summary_large_image","twitter_site":"@les_journees","twitter_misc":{"Est. reading time":"1 minute"},"schema":{"@context":"https:\/\/schema.org","@graph":[{"@type":"WebPage","@id":"https:\/\/www.journeesdelaculture.qc.ca\/en\/journees-de-la-culture\/about-the-journees-de-la-culture","url":"https:\/\/www.journeesdelaculture.qc.ca\/en\/journees-de-la-culture\/about-the-journees-de-la-culture","name":"About the Journ\u00e9es de la culture - Journ\u00e9es de la culture","isPartOf":{"@id":"https:\/\/www.journeesdelaculture.qc.ca\/#website"},"datePublished":"2018-08-03T16:07:01+00:00","dateModified":"2022-05-20T13:48:04+00:00","breadcrumb":{"@id":"https:\/\/www.journeesdelaculture.qc.ca\/en\/journees-de-la-culture\/about-the-journees-de-la-culture#breadcrumb"},"inLanguage":"en-US","potentialAction":[{"@type":"ReadAction","target":["https:\/\/www.journeesdelaculture.qc.ca\/en\/journees-de-la-culture\/about-the-journees-de-la-culture"]}]},{"@type":"BreadcrumbList","@id":"https:\/\/www.journeesdelaculture.qc.ca\/en\/journees-de-la-culture\/about-the-journees-de-la-culture#breadcrumb","itemListElement":[{"@type":"ListItem","position":1,"name":"Home","item":"https:\/\/www.journeesdelaculture.qc.ca\/en"},{"@type":"ListItem","position":2,"name":"Journ\u00e9es de la culture","item":"https:\/\/www.journeesdelaculture.qc.ca\/en\/journees-de-la-culture"},{"@type":"ListItem","position":3,"name":"About the Journ\u00e9es de la culture"}]},{"@type":"WebSite","@id":"https:\/\/www.journeesdelaculture.qc.ca\/#website","url":"https:\/\/www.journeesdelaculture.qc.ca\/","name":"Journ\u00e9es de la culture","description":"","publisher":{"@id":"https:\/\/www.journeesdelaculture.qc.ca\/#organization"},"potentialAction":[{"@type":"SearchAction","target":{"@type":"EntryPoint","urlTemplate":"https:\/\/www.journeesdelaculture.qc.ca\/?s={search_term_string}"},"query-input":{"@type":"PropertyValueSpecification","valueRequired":true,"valueName":"search_term_string"}}],"inLanguage":"en-US"},{"@type":"Organization","@id":"https:\/\/www.journeesdelaculture.qc.ca\/#organization","name":"Culture pour tous","url":"https:\/\/www.journeesdelaculture.qc.ca\/","logo":{"@type":"ImageObject","inLanguage":"en-US","@id":"https:\/\/www.journeesdelaculture.qc.ca\/#\/schema\/logo\/image\/","url":"https:\/\/www.journeesdelaculture.qc.ca\/wp-content\/uploads\/2024\/06\/CPT_journeesdelaculture_RGB.png","contentUrl":"https:\/\/www.journeesdelaculture.qc.ca\/wp-content\/uploads\/2024\/06\/CPT_journeesdelaculture_RGB.png","width":3041,"height":980,"caption":"Culture pour tous"},"image":{"@id":"https:\/\/www.journeesdelaculture.qc.ca\/#\/schema\/logo\/image\/"},"sameAs":["https:\/\/www.facebook.com\/journeesdelaculture\/","https:\/\/x.com\/les_journees","https:\/\/www.instagram.com\/les_journees\/"]}]}},"_links":{"self":[{"href":"https:\/\/www.journeesdelaculture.qc.ca\/en\/wp-json\/wp\/v2\/pages\/2954","targetHints":{"allow":["GET"]}}],"collection":[{"href":"https:\/\/www.journeesdelaculture.qc.ca\/en\/wp-json\/wp\/v2\/pages"}],"about":[{"href":"https:\/\/www.journeesdelaculture.qc.ca\/en\/wp-json\/wp\/v2\/types\/page"}],"author":[{"embeddable":true,"href":"https:\/\/www.journeesdelaculture.qc.ca\/en\/wp-json\/wp\/v2\/users\/1"}],"replies":[{"embeddable":true,"href":"https:\/\/www.journeesdelaculture.qc.ca\/en\/wp-json\/wp\/v2\/comments?post=2954"}],"version-history":[{"count":26,"href":"https:\/\/www.journeesdelaculture.qc.ca\/en\/wp-json\/wp\/v2\/pages\/2954\/revisions"}],"predecessor-version":[{"id":68623,"href":"https:\/\/www.journeesdelaculture.qc.ca\/en\/wp-json\/wp\/v2\/pages\/2954\/revisions\/68623"}],"up":[{"embeddable":true,"href":"https:\/\/www.journeesdelaculture.qc.ca\/en\/wp-json\/wp\/v2\/pages\/2952"}],"wp:attachment":[{"href":"https:\/\/www.journeesdelaculture.qc.ca\/en\/wp-json\/wp\/v2\/media?parent=2954"}],"curies":[{"name":"wp","href":"https:\/\/api.w.org\/{rel}","templated":true}]}}

About the Journées de la culture

<h2 class="h1 h2">The Journées de la culture</h2>
<p>Initiated and coordinated by <a href="https://www.culturepourtous.ca/en/" target="_blank" rel="noopener"><strong>Culture pour tous,</strong></a> the Journées de la culture are <strong><a href="/en/activities" rel="noopener">free activities</a> open to everyone</strong> that promote <strong>greater access for the public to arts and culture.</strong> As proclaimed by the National Assembly, the event takes place every year <strong>across Quebec</strong> on the last Friday of September and the two days thereafter.</p>
<p>The programming takes its source in cultural mediation and offers to <strong>discover</strong> and <strong>celebrate</strong> culture trough all its forms. There will be thousands of activities organized by professional artists, artisans and cultural workers, business people, teachers, community workers, and municipal and government employees of all ethnicities.</p>
<p>To become an organizer, all you have to do is <strong>design</strong> and <strong>take charge of the delivery of one or more activities.</strong> This participation is voluntary.</p>
<p>Recognizing the important and essential <strong>work of professional artists,</strong> we encourage organizers who use their services to compensate them fairly and equitably.</p>
<div class="block block--important">
<h3 class="h3" style="text-align: left;">Get involved</h3>
<p>Participate in the Journées de la culture as an<a href="/en/get-involved/organize-an-activity-2" rel="noopener"> organizer</a></p>
<p>Be a <a href="/en/activities" rel="noopener">participant</a> in the event</p>
</div>
<hr />
<h3 class="h3">Questions?</h3>
<p><a class="button button--black" href="/contact-us" rel="noopener">CONTACT US!</a></p>

The Journées de la culture Initiated and coordinated by Culture pour tous, the Journées de la culture are free activities open to everyone that promote greater access for the public to arts and culture. As proclaimed by the National Assembly, the event takes place every year across Quebec on the last Friday of September and&#8230;

<!-- This site is optimized with the Yoast SEO plugin v24.2 - https://yoast.com/wordpress/plugins/seo/ -->
<title>About the Journées de la culture - Journées de la culture</title>
<meta name="robots" content="index, follow, max-snippet:-1, max-image-preview:large, max-video-preview:-1" />
<link rel="canonical" href="https://www.journeesdelaculture.qc.ca/en/journees-de-la-culture/about-the-journees-de-la-culture" />
<meta property="og:locale" content="en_US" />
<meta property="og:type" content="article" />
<meta property="og:title" content="About the Journées de la culture - Journées de la culture" />
<meta property="og:description" content="The Journées de la culture Initiated and coordinated by Culture pour tous, the Journées de la culture are free activities open to everyone that promote greater access for the public to arts and culture. As proclaimed by the National Assembly, the event takes place every year across Quebec on the last Friday of September and..." />
<meta property="og:url" content="https://www.journeesdelaculture.qc.ca/en/journees-de-la-culture/about-the-journees-de-la-culture" />
<meta property="og:site_name" content="Journées de la culture" />
<meta property="article:publisher" content="https://www.facebook.com/journeesdelaculture/" />
<meta property="article:modified_time" content="2022-05-20T13:48:04+00:00" />
<meta property="og:image" content="https://www.journeesdelaculture.qc.ca/wp-content/uploads/2025/07/JDLC2025_SiteWeb_Bandeau-entete_2860x1609-scaled.jpg" />
	<meta property="og:image:width" content="2560" />
	<meta property="og:image:height" content="1440" />
	<meta property="og:image:type" content="image/jpeg" />
<meta name="twitter:card" content="summary_large_image" />
<meta name="twitter:site" content="@les_journees" />
<meta name="twitter:label1" content="Est. reading time" />
	<meta name="twitter:data1" content="1 minute" />
<script type="application/ld+json" class="yoast-schema-graph">{"@context":"https://schema.org","@graph":[{"@type":"WebPage","@id":"https://www.journeesdelaculture.qc.ca/en/journees-de-la-culture/about-the-journees-de-la-culture","url":"https://www.journeesdelaculture.qc.ca/en/journees-de-la-culture/about-the-journees-de-la-culture","name":"About the Journées de la culture - Journées de la culture","isPartOf":{"@id":"https://www.journeesdelaculture.qc.ca/#website"},"datePublished":"2018-08-03T16:07:01+00:00","dateModified":"2022-05-20T13:48:04+00:00","breadcrumb":{"@id":"https://www.journeesdelaculture.qc.ca/en/journees-de-la-culture/about-the-journees-de-la-culture#breadcrumb"},"inLanguage":"en-US","potentialAction":[{"@type":"ReadAction","target":["https://www.journeesdelaculture.qc.ca/en/journees-de-la-culture/about-the-journees-de-la-culture"]}]},{"@type":"BreadcrumbList","@id":"https://www.journeesdelaculture.qc.ca/en/journees-de-la-culture/about-the-journees-de-la-culture#breadcrumb","itemListElement":[{"@type":"ListItem","position":1,"name":"Home","item":"https://www.journeesdelaculture.qc.ca/en"},{"@type":"ListItem","position":2,"name":"Journées de la culture","item":"https://www.journeesdelaculture.qc.ca/en/journees-de-la-culture"},{"@type":"ListItem","position":3,"name":"About the Journées de la culture"}]},{"@type":"WebSite","@id":"https://www.journeesdelaculture.qc.ca/#website","url":"https://www.journeesdelaculture.qc.ca/","name":"Journées de la culture","description":"","publisher":{"@id":"https://www.journeesdelaculture.qc.ca/#organization"},"potentialAction":[{"@type":"SearchAction","target":{"@type":"EntryPoint","urlTemplate":"https://www.journeesdelaculture.qc.ca/?s={search_term_string}"},"query-input":{"@type":"PropertyValueSpecification","valueRequired":true,"valueName":"search_term_string"}}],"inLanguage":"en-US"},{"@type":"Organization","@id":"https://www.journeesdelaculture.qc.ca/#organization","name":"Culture pour tous","url":"https://www.journeesdelaculture.qc.ca/","logo":{"@type":"ImageObject","inLanguage":"en-US","@id":"https://www.journeesdelaculture.qc.ca/#/schema/logo/image/","url":"https://www.journeesdelaculture.qc.ca/wp-content/uploads/2024/06/CPT_journeesdelaculture_RGB.png","contentUrl":"https://www.journeesdelaculture.qc.ca/wp-content/uploads/2024/06/CPT_journeesdelaculture_RGB.png","width":3041,"height":980,"caption":"Culture pour tous"},"image":{"@id":"https://www.journeesdelaculture.qc.ca/#/schema/logo/image/"},"sameAs":["https://www.facebook.com/journeesdelaculture/","https://x.com/les_journees","https://www.instagram.com/les_journees/"]}]}</script>
<!-- / Yoast SEO plugin. -->

About the Journées de la culture - Journées de la culture

The Journées de la culture Initiated and coordinated by Culture pour tous, the Journées de la culture are free activities open to everyone that promote greater access for the public to arts and culture. As proclaimed by the National Assembly, the event takes place every year across Quebec on the last Friday of September and...

Journées de la culture
